 + 7*a + 6. Let p(o) = -o**3 + 2*o**2 - o - 5. Let u be p(0). What is w(u)?
21
Let s(i) = 4*i - 2*i - i - 2*i. Let b be -13 + 0/(-3 - 0). Let z = -7 - b. Give s(z).
-6
Let p(u) be the third derivative of -7/24*u**4 + 0 + 1/60*u**5 - 1/6*u**3 + 0*u - 16*u**2. Let h(f) = -f + 3. Let d be h(-3). Determine p(d).
-7
Let i(a) = -14*a**2 + 1. Suppose -24*u = -20*u + 8. Let j be u + 2*2*1/4. Give i(j).
-13
Let z be -10*-18*10/(-120). Let b(c) = c**3 + 14*c**2 - 13*c + 8. Give b(z).
-22
Let b = 1360 + -1374. Let p(w) = 2*w + 39. Calculate p(b).
11
Let h(w) be the first derivative of -w**5/12 + w**4/12 + w**3/6 + w**2 - 3. Let a(u) be the second derivative of h(u). What is a(-1)?
-6
Let b(i) be the third derivative of i**5/60 - 7*i**4/24 - 5*i**3/3 - i**2 + 4*i. Determine b(7).
-10
Let h be (-2)/12 - 4*(-685)/(-120). Let w = -22 - h. Let y(j) = -8*j**3 - 2*j**2 + j. Determine y(w).
-9
Let r(k) = 11*k**3 - 8*k**2 + 11*k - 73. Let n(l) = -4*l**3 + 3*l**2 - 4*l + 25. Let j(f) = -8*n(f) - 3*r(f). What is j(0)?
19
Let u be 2/(-1) + -1 + 3. Suppose -7*y + y + 36 = u. Let h(l) = l**3 - 5*l**2 - 6*l + 3. What is h(y)?
3
Suppose -2*k - 4*w + 12 = 0, 0 = -2*k + 4*w - w + 12. Let g(v) = -3971*v - 7*v**2 - v**3 + v**3 + 3977*v + v**3 - 1. Calculate g(k).
-1
Let f(k) be the third derivative of k**5/60 - 7*k**4/24 - 192*k**2 + 2*k. Calculate f(7).
0
Let z = 366 + -360. Let m(s) = -s**3 + 6*s**2 - 3. Calculate m(z).
-3
Let m = -31 + 35. Let x be 1/m - 45/(-12). Let b(a) = 3*a - 4. Give b(x).
8
Let k = 397 - 407. Let p(f) = f**3 + 9*f**2 - 9*f - 4. Give p(k).
-14
Let g(l) = -4*l. Let t(p) = -p**3 - 15*p**2 - 42*p + 23. Let q be t(-11). Give g(q).
-4
Let k be 1*2 - ((6 - 8) + -3). Let c(w) = -6 + 13 + 8*w + k*w - 14*w. Give c(-5).
2
Let x(d) be the second derivative of 3*d**2 + 8 + 5*d - 1/6*d**3. Determine x(0).
6
Let g(o) = -o**2 - o - 1. Let l(z) = -2*z**2 + 2*z + 5. Let w(r) = g(r) - l(r). Calculate w(5).
4
Let z(p) = -10*p**3 + 2*p**2 - 2*p + 1. Let n be 2/(-3)*(-39)/2. Let w = n - 6. Let o = w - 6. Determine z(o).
-9
Let w(v) = -27*v**3 + v**2 + 1. Let b(s) = -109*s**3 + 5*s**2 - s + 5. Let t(q) = 2*b(q) - 9*w(q). Determine t(1).
25
Let x(g) = 4*g + g**3 + 9 + 6*g**2 - 6 - 11*g**2. Let n be x(3). Let l(o) = -2*o + 4. Calculate l(n).
10
Let p(k) = -4*k**2 + k. Let u be (-70)/(-20) + (-1)/2. Let n be -2*(-1)/(u - 5). What is p(n)?
-5
Let t(r) = 5*r + 9. Let c(l) = l**2 + l - 3. Let b be c(-3). Let a(g) = -16*g - 28. Let h(p) = b*a(p) + 10*t(p). Calculate h(-6).
-6
Let z(y) = y. Let q be z(-5). Let v(h) = -h**3 + 3*h**2 + h. Let b be v(3). Let r(d) = -7 - 28*d**2 - d**3 + 8*d**2 + 14*d**2 + 0*d**b - 7*d. Calculate r(q).
3
Let t(y) be the second derivative of -12*y - 11/24*y**4 + 0*y**3 + 0 + 5/2*y**2. Let s(z) be the first derivative of t(z). What is s(-1)?
11
Let l(n) = n**3 + 18 - 3*n**2 + 2*n - 6 - 13. Give l(3).
5
Let j = -2 + 8. Let z be 9/(-15) - 192/(-20). Let x(v) = -3*v + 2*v - z + v + 2*v. Give x(j).
3
Let w(p) = -6 + 4 - 2 + 5. Let h(u) = -u**2 - 6*u + 9. Let s(n) = h(n) - 6*w(n). Calculate s(-7).
-4
Suppose -5*l = -4*l + 9. Let s(q) = -11*q**3 - 5*q**2 - 13*q + 11. Let m(i) = 6*i**3 + 2*i**2 + 6*i - 5. Let j(f) = l*m(f) - 4*s(f). Give j(1).
-9
Let t(i) = -708 + 3*i + 713 - 6*i. Suppose 2*s - 9 = -1. Calculate t(s).
-7
Let z(c) = c**3 - 19*c + 16*c**2 - 20 - 10*c**2 - 2*c**2 + 13*c**2. Give z(-18).
-2
Suppose 2*v + 5*r + 17 = 2, -3*r + 5 = 4*v. Suppose -o + 20 = 2*m, v*m = -o + 16 + 31. Let h be m/11 + 6/33. Let f(y) = 7*y - 1. What is f(h)?
6
Let p(y) = -2*y**2 - 6*y - 9. Let k = -241 - -238. What is p(k)?
-9
Let v(n) = -n**3 - 7*n**2 - 2*n + 7. Let l = 642 + -648. Calculate v(l).
-17
Let w(c) = -c**2 + 7*c - 5. Let v(q) = q**3 + 12*q**2 + 19*q - 6. Let n be v(-10). Suppose 4*i - 14 = -k, 3*i - n*k - k = 22. Determine w(i).
7
Let f = 74 - 69. Suppose 4*l + 2*z - 34 = -3*z, 5*l - 40 = -f*z. Let k(t) = -t + 5. Let o(b) = 2*b - 11. Let w(q) = 13*k(q) + 6*o(q). Calculate w(l).
-7
Let z(v) = 2*v - 11. Let s(b) = 3*b - 12. Let m(p) = -2*p + 8. Let u(y) = -8*m(y) - 5*s(y). Let h(g) = -11*u(g) + 4*z(g). Give h(-2).
6
Let j(u) = u**2 - u - 1. Let t be (-10)/(-5) - -2*6. Suppose -6*n = -2*n + 56. Let b = t + n. Give j(b).
-1
Let j(c) = -c**3 - 2*c + 5*c**3 + 2 - 3*c**3 - 2*c**2. Suppose -w = -6*w + 5*d + 30, -6 = -5*w - d. Determine j(w).
-2
Let i(a) = 27*a - 7*a - 7 - 9*a - 4*a. What is i(-5)?
-42
Let a(y) = -10*y + 3. Let h(j) = -13*j + 3. Let o(w) = -6*a(w) + 5*h(w). Give o(6).
-33
Let k(a) be the third derivative of 0*a - 1/6*a**3 - 1/60*a**5 - 1/4*a**4 + 0 - 3*a**2. Give k(-4).
7
Suppose 4 = 5*v - 6. Let t(z) = -4*z**2 - 1 + 2*z + 5*z**2 + v*z**2. Suppose -2 + 1 = -f. Determine t(f).
4
Let h(b) = -9*b**2 - 164 - 9*b**3 + 11*b + 177 + 8*b**3. Determine h(-10).
3
Let p(h) = -3 - 3*h - h**3 + h + 80*h**2 - 82*h**2 + 2*h**3. Calculate p(3).
0
Let o(v) = 34 - 4*v + 35 - 99 + 31 + 3*v. Suppose -5*l = -0*l - 25. Calculate o(l).
-4
Let y(u) be the third derivative of -u**5/6 + u**3/6 + 3*u**2 - 5. Determine y(1).
-9
Let z(v) = v**2 + v + 6. Let b(h) = -h**2 - 2*h - 6. Let k(r) = -5*b(r) - 6*z(r). Suppose 105*l - 32 = 101*l. Suppose l*g - 2 = 30. Calculate k(g).
-6
Let u(b) = -b**3 + 8*b**2 + 8*b. Let n = 457 + -448. Determine u(n).
-9
Let w(k) be the third derivative of k**5/60 + k**4/12 - 2*k**3/3 - 45*k**2. Calculate w(-6).
20
Let a = 198 + -192. Let k(c) = -c**3 + 6*c**2 - 3. Calculate k(a).
-3
Suppose -7*r + 41 = 4*k, -2*k = -r + 7 - 14. Let n(f) be the first derivative of -3/2*f**2 + r*f - 1/3*f**3 - 1. What is n(-3)?
3
Let a(d) be the third derivative of -1/120*d**6 + 0 - 13*d**2 - 1/15*d**5 + 5/24*d**4 + 1/2*d**3 + 0*d. Determine a(-5).
3
Suppose 3*c = -c + 28. Let d(k) be the third derivative of -k**5/60 + k**4/4 + 3*k**3/2 - 195*k**2. What is d(c)?
2
Let h(g) be the second derivative of g**3/2 + 7*g**2/2 + 143*g. Give h(-6).
-11
Let v = 17 - 17. Suppose -4*a + b = -21, 29 = -v*a + 5*a - 4*b. Let p(l) = -l**2 + 8*l - 4. Calculate p(a).
11
Let t(i) = -11*i**2 + 8. Let n(u) = 2*u**2. Let w(b) = 5*n(b) + t(b). What is w(-3)?
-1
Let v(j) = j**3 - 7*j**2 + 9*j - 2. Let n(o) = 1 + 8 + 8*o - o**2 + 6. Let g be n(9). What is v(g)?
16
Let s(g) = 3 - 14*g**2 + 0*g - 5*g - g**3 + 19*g**2. Let l be s(3). Let f(t) = 4 + 10 + 3*t - l*t - 13. What is f(-1)?
4
Let w(v) = 8 + 4 - 5 + 2495*v**2 - v - 2498*v**2 + v**3. Give w(2).
1
Let u(a) be the third derivative of a**5/60 + 3*a**4/8 + 5*a**3/3 - 44*a**2 + 2*a. Calculate u(-7).
-4
Let n(t) = t**2 - t + 6. Let m be n(0). Let z(a) = -a**3 + 6*a**2 + 2*a - 5. Let d be z(m). Let y(h) = -d + 0 + h + 4*h - 6*h. Calculate y(-6).
-1
Let z(a) = -a - 2. Suppose -2*p - 4 + 0 = 0. Let g be ((-5)/p)/(4/(-8)). Determine z(g).
3
Let a = 1154 - 1168. Let r(x) = -4*x - 49. Give r(a).
7
Let w = -6984 + 6978. Let t(g) = -10*g - 26. Let j(p) = p. Let c(k) = 4*j(k) - t(k). Let b(y) = -5*y - 9. Let v(u) = 11*b(u) + 4*c(u). Give v(w).
-1
Let l(h) = -h - 1 - 577*h**2 + 1152*h**2 - 577*h**2 - 12*h**3. Calculate l(-1).
10
Let g(s) = -26 + 54 - 22 - 8*s - s**2. What is g(-9)?
-3
Let g be -6*(15/(-2))/(-5). Let m = 14 + g. Let h(c) = 3 - m*c + c + 0*c. Calculate h(4).
-13
Let y(d) be the second derivative of -d**7/840 - d**6/72 + 5*d**4/24 + 3*d**3/2 - 8*d. Let v(m) be the second derivative of y(m). What is v(-5)?
5
Let p be 2 - 7/((-21)/6). Suppose 3 = 3*b, -5*d + 3*b = p*b - 26. Suppose -d*a = w + 3*w - 4, -2 = -2*w + a. Let o(z) = 5*z - 1. Calculate o(w).
4
Suppose 6*r = 2*r - 3*g + 12, 2*r = 5*g + 6. Suppose 8 = 5*d + n, 4*d - 2*n - 6 = r*d. Suppose d*k + k = -12. Let v(o) = o + 3. Give v(k).
-1
Let u(y) be the first derivative of -y**2/2 + 14*y + 75. Calculate u(7).
7
Let g(l) be the second derivative of -9/2*l**2 - 1/2*l**4 + 1/3*l**3 + 0 + 1/20*l**5 + 22*l. Calculate g(6).
3
Let i(v) = -2*v**2 - 3*v - 2. Let r = -3 - 3. Let g be 0/(10 + -6) - 3. Let j = r - g. What is i(j)?
-11
Let o be (-3)/(-18) + (-686)/84. Let f(w) = -w**2 - 6*w + 22. What is f(o)?
6
Let y(g) = -g**3 + 10*g**2 - 6. Suppose 0 = 13*c - 10*c - 30. Let p be y(c). Let t(u) = -3*u - 7. Calculate t(p).
11
Let b(k) = -3*k**2 - 4*k + 4. Let p(t) = -10*t**2 - 13*t + 13. Let c(v) = -7*b(v) + 2*p(v). Let o be c(-3). Let f(d) = o - 5*d + 5 + 6*d. Give f(-6).
0
Let m be -2 + 4 + (1 - 0